MONTHLY CLIMATOLOGICAL SUMMARY for mar 2023 NAME: Loc.Campagnola (Sacile) ELEV: 31 meters LAT: 45-56.65 N LONG: 012-28.80 E TEMPERATURE (C), RAIN (mm), WIND SPEED (km/h) HEAT COOL AVG MEAN DEG DEG WIND DOM DAY TEMP HIGH TIME LOW TIME DAYS DAYS RAIN SPEED HIGH TIME DIR --------------------------------------------------------------------------------------- 01 7,0 12,1 11:10 1,4 05:05 11,3 0,0 1,5 9,2 57,9 12:55 82 02 8,7 14,2 14:35 3,6 23:40 9,6 0,0 0,0 3,6 24,1 14:15 74 03 7,2 15,2 15:25 -0,1 06:45 11,2 0,0 0,0 1,5 12,9 14:00 21 04 7,4 16,2 15:15 -0,7 06:45 10,9 0,0 0,0 2,5 16,1 14:40 232 05 7,9 15,3 15:45 -0,2 06:25 10,5 0,0 0,0 2,8 20,9 10:55 102 06 9,6 12,2 14:15 7,4 07:05 8,8 0,0 1,0 3,4 19,3 09:50 69 07 9,3 13,3 14:00 5,5 00:00 9,0 0,0 0,3 3,2 16,1 12:10 80 08 8,8 15,2 13:55 1,8 05:45 9,5 0,0 0,0 2,3 19,3 10:00 63 09 12,0 16,3 14:50 8,3 00:15 6,3 0,0 0,0 4,3 22,5 13:00 55 10 13,6 20,2 15:05 10,0 03:20 4,8 0,0 0,0 3,8 17,7 10:30 63 11 12,5 18,0 15:35 6,3 05:10 5,9 0,0 0,0 4,7 22,5 15:35 74 12 10,7 16,1 14:35 4,7 22:45 7,6 0,0 0,0 4,8 29,0 14:15 65 13 10,0 16,1 14:30 3,6 06:10 8,4 0,0 0,0 2,2 14,5 12:10 77 14 11,2 13,9 16:25 9,9 23:05 7,2 0,0 6,1 4,7 20,9 18:05 47 15 10,5 15,0 13:45 3,7 23:45 7,9 0,0 0,0 2,2 19,3 13:30 189 16 7,4 13,5 13:55 -0,3 06:30 10,9 0,0 0,0 2,3 20,9 15:25 205 17 7,7 14,9 14:55 0,7 06:15 10,6 0,0 0,0 1,7 16,1 13:40 198 18 8,2 15,9 15:50 0,8 06:10 10,1 0,0 0,0 1,7 16,1 09:15 113 19 9,2 15,8 15:20 2,3 03:55 9,2 0,0 0,0 0,8 11,3 12:35 137 20 11,2 17,0 14:10 6,1 00:00 7,1 0,0 0,0 1,5 16,1 13:30 116 21 12,4 20,9 15:15 3,2 05:50 5,9 0,0 0,0 2,1 20,9 14:25 229 22 14,3 21,2 14:50 8,1 06:20 4,0 0,0 0,0 2,2 17,7 12:55 223 23 12,9 20,3 15:30 6,3 05:15 5,4 0,0 0,0 1,3 17,7 10:55 160 24 12,5 17,5 14:30 5,7 06:05 5,9 0,0 0,0 1,7 14,5 20:25 90 25 13,0 18,2 11:30 7,2 23:15 5,3 0,0 0,3 3,3 25,7 15:50 76 26 11,1 18,6 10:55 5,3 07:40 7,3 0,0 22,1 3,2 20,9 12:05 105 27 10,9 17,2 17:15 7,1 23:30 7,4 0,0 0,5 7,4 48,3 17:20 300 28 9,4 16,3 16:10 2,4 05:40 8,9 0,0 0,0 5,2 29,0 17:40 168 29 10,7 17,1 16:25 4,6 01:30 7,6 0,0 0,0 3,1 20,9 15:05 85 30 11,0 14,2 12:40 8,0 06:05 7,3 0,0 0,0 4,3 19,3 12:25 67 31 11,3 12,5 12:15 9,6 23:45 7,0 0,0 0,8 2,3 14,5 22:45 39 --------------------------------------------------------------------------------------- 10,3 21,2 22 -0,7 04 248,8 0,0 32,5 3,2 57,9 01 80