MONTHLY CLIMATOLOGICAL SUMMARY for apr 2023 NAME: Loc.Campagnola (Sacile) ELEV: 31 meters LAT: 45-56.65 N LONG: 012-28.80 E TEMPERATURE (C), RAIN (mm), WIND SPEED (km/h) HEAT COOL AVG MEAN DEG DEG WIND DOM DAY TEMP HIGH TIME LOW TIME DAYS DAYS RAIN SPEED HIGH TIME DIR --------------------------------------------------------------------------------------- 01 12,1 19,6 15:55 4,6 07:05 6,2 0,0 0,3 2,9 16,1 18:35 171 02 12,7 20,3 16:50 6,1 07:00 5,7 0,0 4,1 2,4 24,1 14:20 347 03 10,9 17,1 15:45 4,9 06:50 7,4 0,0 0,0 4,4 20,9 16:25 157 04 7,3 13,8 15:10 -0,2 07:10 11,0 0,0 0,0 3,1 19,3 16:45 179 05 6,0 12,6 15:25 -1,2 06:25 12,3 0,0 0,0 3,5 20,9 16:40 200 06 7,7 14,7 16:10 -0,1 06:50 10,6 0,0 0,0 4,2 25,7 16:40 220 07 9,0 17,4 16:10 0,8 06:45 9,3 0,0 0,0 3,0 17,7 14:45 169 08 11,0 16,3 12:35 4,4 07:10 7,4 0,0 0,3 2,1 19,3 15:30 62 09 11,4 16,7 15:10 8,1 00:00 7,0 0,0 0,8 3,0 24,1 17:00 94 10 11,0 19,1 16:50 2,3 06:55 7,3 0,0 0,0 3,5 16,1 10:10 231 11 11,1 17,6 15:15 6,6 06:05 7,2 0,0 0,0 2,8 17,7 11:35 88 12 11,3 16,9 14:15 4,3 05:05 7,1 0,0 0,0 2,8 24,1 11:00 121 13 9,5 12,1 00:20 7,0 23:50 8,9 0,0 36,8 5,3 32,2 14:10 56 14 10,1 14,6 16:20 6,9 00:05 8,2 0,0 5,3 5,4 29,0 13:35 241 15 11,2 16,2 16:35 8,1 05:30 7,1 0,0 0,0 4,3 29,0 16:40 66 16 11,3 19,6 16:10 2,9 05:55 7,0 0,0 0,0 3,6 24,1 13:00 197 17 13,9 21,3 14:00 7,1 03:15 4,4 0,0 0,0 2,7 20,9 15:20 213 18 14,7 22,8 12:55 6,3 06:35 3,7 0,0 0,0 3,3 25,7 16:10 202 19 13,9 19,5 17:40 8,2 05:30 4,4 0,0 1,8 3,3 27,4 19:25 266 20 11,8 12,9 19:15 10,8 04:40 6,5 0,0 5,6 2,6 19,3 13:55 46 21 15,2 21,2 16:05 10,0 00:00 3,1 0,0 0,0 2,3 19,3 13:00 71 22 14,7 22,2 15:10 6,8 06:15 3,6 0,0 0,0 2,5 16,1 11:35 200 23 16,0 21,7 14:50 10,7 06:05 2,4 0,0 0,0 2,4 17,7 15:30 121 24 13,9 16,6 17:05 11,7 23:05 4,4 0,0 11,2 3,2 20,9 11:35 70 25 11,4 16,7 16:45 7,6 00:00 6,9 0,0 1,8 3,0 22,5 14:20 179 26 11,8 18,3 13:40 3,9 06:35 6,5 0,0 0,3 3,3 27,4 12:50 204 27 14,7 21,1 15:30 9,3 04:50 3,6 0,0 0,0 2,8 19,3 14:05 176 28 13,2 18,3 16:30 7,2 06:05 5,1 0,0 0,0 1,6 17,7 12:05 83 29 14,7 21,9 15:25 8,6 02:20 3,6 0,0 0,0 2,0 17,7 18:55 130 30 16,9 23,7 14:45 10,7 05:50 1,5 0,0 0,0 2,5 22,5 13:40 66 --------------------------------------------------------------------------------------- 12,0 23,7 30 -1,2 05 189,7 0,0 68,1 3,1 32,2 13 150