MONTHLY CLIMATOLOGICAL SUMMARY for mag 2023 NAME: Loc.Campagnola (Sacile) ELEV: 31 meters LAT: 45-56.65 N LONG: 012-28.80 E TEMPERATURE (C), RAIN (mm), WIND SPEED (km/h) HEAT COOL AVG MEAN DEG DEG WIND DOM DAY TEMP HIGH TIME LOW TIME DAYS DAYS RAIN SPEED HIGH TIME DIR --------------------------------------------------------------------------------------- 01 16,7 21,1 14:00 13,1 22:30 1,6 0,0 1,5 5,1 27,4 12:30 80 02 14,4 17,1 13:55 12,4 06:00 4,0 0,0 10,2 1,8 16,1 11:50 37 03 15,3 19,6 13:45 10,8 00:00 3,1 0,0 2,3 2,8 24,1 14:35 79 04 16,3 23,9 16:30 7,7 06:05 2,1 0,0 0,5 1,8 16,1 15:35 194 05 18,3 25,9 17:30 10,1 06:25 0,1 0,0 0,0 2,5 17,7 15:15 206 06 19,0 26,3 15:40 12,0 05:15 0,0 0,6 0,0 1,8 17,7 14:30 176 07 19,3 25,4 13:20 12,1 06:00 0,0 0,9 0,0 1,9 17,7 18:35 152 08 17,8 20,4 15:05 15,6 06:10 0,6 0,0 2,8 2,7 22,5 18:20 83 09 17,9 21,2 17:10 14,0 06:35 0,4 0,0 0,8 3,4 20,9 09:10 73 10 14,0 16,6 00:10 12,6 23:35 4,3 0,0 20,3 3,0 20,9 10:10 70 11 13,0 15,5 12:55 11,6 23:45 5,3 0,0 22,1 4,1 25,7 13:30 66 12 13,4 16,1 17:00 11,6 00:20 5,0 0,0 18,5 3,5 19,3 03:55 65 13 13,8 18,0 17:15 9,9 23:45 4,5 0,0 2,8 2,8 20,9 12:50 68 14 13,4 16,6 15:05 9,4 02:25 5,0 0,0 6,1 1,8 19,3 17:30 59 15 16,5 23,6 17:20 10,2 06:20 1,8 0,0 0,0 1,6 12,9 11:40 157 16 16,5 20,7 14:25 14,2 06:00 1,8 0,0 0,5 4,2 40,2 14:35 62 17 16,5 18,9 12:30 12,4 00:00 1,8 0,0 0,3 2,7 17,7 16:20 136 18 16,2 22,1 15:15 7,9 05:50 2,2 0,0 0,0 3,6 19,3 15:50 95 19 18,2 22,3 15:05 14,1 06:25 0,2 0,0 0,0 6,7 33,8 11:10 82 20 19,9 23,9 15:40 16,3 23:40 0,0 1,5 1,0 6,1 33,8 13:15 80 21 24,0 28,8 15:00 16,3 00:05 0,0 5,6 0,0 5,9 38,6 13:50 83 22 23,4 29,5 17:00 15,2 05:55 0,0 5,1 0,0 3,2 24,1 11:00 116 23 22,6 29,8 16:15 14,2 05:40 0,0 4,2 0,0 3,3 37,0 16:50 200 24 20,5 25,9 16:30 15,6 06:35 0,0 2,2 1,5 2,9 22,5 12:05 76 25 23,3 29,2 17:55 17,9 23:55 0,0 4,9 0,0 3,7 25,7 10:30 92 26 22,7 28,8 14:30 16,2 06:30 0,0 4,4 0,0 2,5 27,4 23:25 186 27 22,4 27,6 15:50 17,0 05:45 0,0 4,1 2,3 2,4 22,5 00:20 170 28 22,4 27,8 15:40 16,8 00:00 0,0 4,1 0,0 2,7 19,3 12:05 75 29 23,0 28,6 15:00 16,3 00:20 0,0 4,7 3,0 2,9 19,3 10:00 93 30 21,5 28,8 15:35 15,0 05:55 0,0 3,1 5,1 2,7 24,1 19:50 271 31 21,7 27,1 14:15 14,5 06:10 0,0 3,4 0,0 4,3 30,6 15:20 89 --------------------------------------------------------------------------------------- 18,5 29,8 23 7,7 04 43,7 49,1 101,6 3,2 40,2 16 86