MONTHLY CLIMATOLOGICAL SUMMARY for giu 2023 NAME: Loc.Campagnola (Sacile) ELEV: 31 meters LAT: 45-56.65 N LONG: 012-28.80 E TEMPERATURE (C), RAIN (mm), WIND SPEED (km/h) HEAT COOL AVG MEAN DEG DEG WIND DOM DAY TEMP HIGH TIME LOW TIME DAYS DAYS RAIN SPEED HIGH TIME DIR --------------------------------------------------------------------------------------- 01 22,9 28,8 15:40 15,5 06:10 0,0 4,6 0,0 2,6 24,1 13:30 120 02 22,7 30,9 16:50 15,7 05:10 0,0 4,3 0,0 2,6 32,2 19:40 214 03 21,5 27,4 15:45 17,2 22:20 0,0 3,2 15,7 3,7 24,1 12:00 66 04 20,0 24,7 16:45 16,0 02:05 0,0 1,6 0,3 2,1 19,3 12:40 37 05 18,7 22,6 15:25 16,7 05:25 0,0 0,4 14,7 4,1 30,6 16:05 73 06 19,7 23,7 18:00 16,4 05:00 0,0 1,3 8,6 2,3 19,3 12:10 61 07 21,3 27,7 15:30 14,2 05:35 0,0 2,9 0,0 2,3 19,3 22:05 193 08 21,2 29,5 16:25 15,1 05:05 0,0 2,9 6,1 2,6 35,4 18:30 180 09 21,4 28,4 16:25 14,6 05:20 0,0 3,1 0,5 2,5 19,3 22:55 204 10 21,1 28,3 15:10 16,0 18:10 0,0 2,7 32,5 2,6 46,7 17:40 184 11 21,3 29,7 15:50 16,2 05:55 0,0 3,0 7,6 2,4 35,4 17:20 268 12 22,9 28,8 16:05 17,1 05:40 0,0 4,6 2,5 2,5 30,6 23:15 136 13 20,2 26,3 16:10 15,9 06:05 0,0 1,8 34,8 2,9 19,3 00:30 82 14 21,4 27,5 17:50 15,2 05:50 0,0 3,1 4,3 3,4 22,5 21:25 74 15 22,0 28,1 15:25 16,4 05:35 0,0 3,6 0,3 2,5 19,3 11:40 55 16 21,4 28,0 14:45 16,3 06:00 0,0 3,1 6,1 2,8 32,2 16:05 161 17 22,2 28,9 15:05 14,4 05:15 0,0 3,9 0,0 2,9 20,9 17:05 173 18 23,1 29,5 15:40 15,9 05:25 0,0 4,8 0,0 1,8 16,1 18:35 152 19 24,7 31,2 16:55 17,9 05:25 0,0 6,4 0,0 1,6 14,5 15:20 147 20 25,5 31,8 16:10 20,1 02:00 0,0 7,2 0,0 2,2 16,1 17:55 148 21 26,7 32,9 16:45 20,6 05:40 0,0 8,3 0,0 1,7 14,5 12:35 109 22 27,2 33,8 16:15 21,2 05:45 0,0 8,9 0,0 1,7 12,9 13:00 182 23 24,8 31,8 12:35 20,1 23:50 0,0 6,4 9,1 2,7 29,0 14:15 87 24 24,4 31,8 17:15 15,5 05:50 0,0 6,0 0,0 2,2 16,1 12:45 205 25 25,1 31,1 16:45 17,3 06:00 0,0 6,8 0,0 2,4 16,1 14:05 208 26 26,2 32,9 16:30 19,6 06:05 0,0 7,9 0,0 2,1 19,3 16:25 191 27 23,9 30,8 13:05 20,3 00:00 0,0 5,5 3,8 1,7 14,5 16:30 72 28 22,3 26,8 15:20 18,1 06:15 0,0 4,0 0,0 2,7 24,1 09:40 68 29 22,8 28,5 17:10 16,7 05:40 0,0 4,5 0,0 2,1 16,1 12:55 196 30 22,0 27,3 12:45 15,6 05:50 0,0 3,6 0,0 1,7 16,1 15:15 193 --------------------------------------------------------------------------------------- 22,7 33,8 22 14,2 07 0,0 130,5 147,1 2,4 46,7 10 123