MONTHLY CLIMATOLOGICAL SUMMARY for lug 2023 NAME: Loc.Campagnola (Sacile) ELEV: 31 meters LAT: 45-56.65 N LONG: 012-28.80 E TEMPERATURE (C), RAIN (mm), WIND SPEED (km/h) HEAT COOL AVG MEAN DEG DEG WIND DOM DAY TEMP HIGH TIME LOW TIME DAYS DAYS RAIN SPEED HIGH TIME DIR --------------------------------------------------------------------------------------- 01 21,6 26,2 13:00 18,5 00:00 0,0 3,3 8,1 2,0 20,9 18:40 57 02 23,3 29,8 17:30 16,1 06:00 0,0 4,9 9,4 1,6 20,9 13:35 203 03 21,7 24,8 19:15 18,8 00:00 0,0 3,4 35,6 4,0 30,6 23:25 72 04 23,7 30,4 17:15 16,6 06:25 0,0 5,3 7,1 2,4 19,3 01:45 135 05 23,0 29,3 15:35 17,4 08:20 0,0 4,6 0,5 3,2 32,2 02:55 212 06 21,6 26,5 16:45 16,9 05:40 0,0 3,3 0,5 2,0 16,1 17:00 138 07 23,7 30,7 17:00 15,9 05:50 0,0 5,3 0,0 1,8 14,5 13:45 176 08 24,8 31,4 15:40 17,3 05:50 0,0 6,5 0,0 2,3 17,7 12:50 207 09 26,3 33,7 16:15 18,4 05:15 0,0 8,0 0,0 1,5 14,5 12:45 154 10 27,3 34,6 15:55 20,0 05:55 0,0 9,0 0,0 1,2 12,9 13:20 203 11 28,1 33,8 14:30 22,3 05:25 0,0 9,8 0,0 1,9 19,3 15:10 173 12 25,0 31,3 17:45 18,6 11:25 0,0 6,6 2,3 2,8 53,1 10:50 94 13 23,5 31,2 16:00 18,7 03:50 0,0 5,2 5,6 2,4 38,6 01:50 269 14 25,0 32,3 17:20 17,2 06:00 0,0 6,6 0,0 2,5 20,9 12:10 82 15 25,6 33,0 16:45 17,4 05:20 0,0 7,3 0,0 1,5 16,1 14:00 184 16 27,7 35,1 17:00 21,3 05:10 0,0 9,4 0,0 1,7 11,3 10:50 153 17 29,1 34,9 16:15 23,1 05:50 0,0 10,8 0,0 1,6 12,9 13:40 179 18 28,8 35,8 16:10 22,4 23:40 0,0 10,5 0,5 3,3 25,7 19:45 89 19 26,5 33,8 16:20 21,0 06:15 0,0 8,1 2,3 2,4 20,9 20:55 100 20 26,7 33,2 16:40 20,1 06:10 0,0 8,4 0,0 3,7 20,9 11:50 79 21 24,6 28,7 11:45 18,9 14:45 0,0 6,3 7,4 4,5 40,2 14:00 74 22 23,7 29,3 17:50 17,3 05:30 0,0 5,4 0,0 3,4 22,5 12:00 90 23 25,0 32,0 15:35 17,9 05:00 0,0 6,7 0,0 2,4 17,7 11:50 135 24 24,3 28,4 12:10 17,8 23:55 0,0 6,0 14,0 3,2 74,0 20:35 61 25 21,6 27,9 16:20 17,1 02:35 0,0 3,2 36,3 3,3 49,9 22:50 54 26 19,8 27,6 13:45 15,8 06:30 0,0 1,5 6,1 3,3 32,2 15:10 102 27 20,6 27,9 15:45 12,8 05:55 0,0 2,2 0,0 2,5 19,3 13:05 197 28 23,1 28,4 15:35 16,7 06:00 0,0 4,7 0,0 1,6 14,5 13:45 109 29 25,0 31,3 15:50 19,8 05:00 0,0 6,6 0,0 2,8 17,7 16:50 122 30 24,5 30,4 15:20 19,0 06:25 0,0 6,2 13,0 2,9 20,9 04:55 153 31 24,5 30,7 15:20 17,7 06:15 0,0 6,2 0,0 2,8 22,5 09:05 88 --------------------------------------------------------------------------------------- 24,5 35,8 18 12,8 27 0,0 191,4 148,6 2,5 74,0 24 110