MONTHLY CLIMATOLOGICAL SUMMARY for ago 2023 NAME: Loc.Campagnola (Sacile) ELEV: 31 meters LAT: 45-56.65 N LONG: 012-28.80 E TEMPERATURE (C), RAIN (mm), WIND SPEED (km/h) HEAT COOL AVG MEAN DEG DEG WIND DOM DAY TEMP HIGH TIME LOW TIME DAYS DAYS RAIN SPEED HIGH TIME DIR --------------------------------------------------------------------------------------- 01 22,3 26,7 14:25 19,5 23:10 0,0 4,0 14,7 2,5 24,1 19:15 65 02 23,8 30,5 16:35 18,1 03:35 0,0 5,5 0,0 2,7 19,3 16:45 66 03 24,6 30,2 14:10 20,5 18:30 0,0 6,2 53,6 3,7 64,4 18:10 128 04 21,7 27,9 11:20 18,7 00:00 0,0 3,4 1,5 4,1 32,2 11:50 70 05 18,6 22,4 16:10 16,6 09:25 0,0 0,3 16,5 1,9 16,1 09:00 261 06 19,8 27,0 15:10 15,6 00:00 0,0 1,5 1,8 3,3 37,0 16:55 81 07 20,0 27,8 15:40 11,8 06:15 0,0 1,7 0,0 2,0 16,1 14:15 44 08 20,0 27,1 16:05 12,7 06:05 0,0 1,7 0,0 2,6 17,7 12:05 100 09 21,5 27,2 17:10 16,4 03:45 0,0 3,2 0,0 1,4 16,1 17:30 196 10 22,6 29,1 16:05 17,3 06:20 0,0 4,3 0,0 2,3 17,7 09:55 101 11 23,0 30,2 16:40 15,2 06:30 0,0 4,6 0,0 1,8 14,5 14:20 154 12 24,0 31,0 16:25 16,8 06:05 0,0 5,6 0,0 1,6 16,1 14:50 108 13 26,2 33,7 17:15 18,8 06:30 0,0 7,9 0,0 1,3 12,9 16:05 178 14 25,7 33,1 17:20 18,2 06:10 0,0 7,4 0,0 2,3 16,1 12:55 105 15 26,6 33,0 16:30 19,4 06:15 0,0 8,3 0,0 2,2 16,1 12:40 100 16 27,2 33,8 15:55 21,6 04:00 0,0 8,9 0,0 2,3 22,5 20:20 132 17 26,3 33,2 14:40 19,8 06:30 0,0 8,0 0,0 2,1 12,9 09:35 122 18 26,1 32,8 16:40 19,9 04:55 0,0 7,7 0,0 1,8 16,1 17:05 29 19 26,9 34,1 15:35 19,6 06:40 0,0 8,5 0,0 1,6 14,5 12:25 141 20 27,7 34,2 15:40 20,7 06:35 0,0 9,4 0,0 1,7 14,5 12:05 119 21 28,3 36,1 15:35 20,6 06:40 0,0 10,0 0,0 1,6 14,5 14:20 173 22 28,1 36,2 17:05 20,4 06:30 0,0 9,7 0,0 1,5 12,9 12:10 127 23 28,2 36,9 17:00 19,3 06:30 0,0 9,9 0,0 1,5 16,1 21:40 136 24 29,0 37,7 15:30 20,9 06:30 0,0 10,7 0,0 1,3 9,7 12:10 151 25 28,5 36,1 16:10 21,9 06:50 0,0 10,2 0,0 1,6 14,5 01:25 147 26 27,3 35,1 17:10 19,5 06:40 0,0 9,0 0,0 2,4 19,3 11:55 101 27 26,7 31,3 15:30 22,7 06:15 0,0 8,3 0,0 2,5 20,9 11:55 65 28 22,1 25,2 02:55 19,2 00:00 0,0 3,8 26,2 4,2 25,7 16:50 68 29 20,3 23,5 16:05 17,7 08:35 0,0 2,0 0,5 4,0 29,0 11:00 73 30 17,8 21,3 14:50 15,8 06:45 0,5 0,0 7,4 2,1 22,5 18:20 270 31 18,9 25,5 14:40 14,7 05:40 0,0 0,6 0,0 1,9 19,3 16:05 104 --------------------------------------------------------------------------------------- 24,2 37,7 24 11,8 07 0,5 182,2 122,2 2,3 64,4 03 97