MONTHLY CLIMATOLOGICAL SUMMARY for set 2023 NAME: Loc.Campagnola (Sacile) ELEV: 31 meters LAT: 45-56.65 N LONG: 012-28.80 E TEMPERATURE (C), RAIN (mm), WIND SPEED (km/h) HEAT COOL AVG MEAN DEG DEG WIND DOM DAY TEMP HIGH TIME LOW TIME DAYS DAYS RAIN SPEED HIGH TIME DIR --------------------------------------------------------------------------------------- 01 21,8 28,8 16:05 16,7 05:00 0,0 3,4 15,2 2,1 16,1 09:50 95 02 22,8 30,0 16:20 16,5 05:55 0,0 4,5 0,0 2,0 14,5 17:10 174 03 23,0 28,8 15:05 17,2 06:35 0,0 4,7 0,0 1,4 14,5 12:50 114 04 23,6 28,9 15:45 19,8 01:25 0,0 5,2 0,0 2,3 17,7 13:55 170 05 22,8 28,7 17:10 16,5 00:00 0,0 4,5 0,0 2,7 19,3 14:00 94 06 21,5 30,3 17:15 12,8 06:30 0,0 3,2 0,0 2,2 20,9 13:50 92 07 23,3 30,2 16:05 15,6 07:10 0,0 4,9 0,0 3,1 22,5 12:45 87 08 23,1 31,0 16:05 14,5 06:35 0,0 4,8 0,0 3,7 24,1 12:40 86 09 23,0 31,2 16:20 14,7 06:55 0,0 4,7 0,0 2,6 22,5 14:20 99 10 22,7 30,9 15:10 14,4 06:45 0,0 4,4 0,0 2,5 19,3 11:25 108 11 22,3 31,5 14:50 13,7 06:30 0,0 4,0 0,0 1,3 12,9 12:25 148 12 22,0 29,9 14:45 15,0 06:55 0,0 3,7 0,0 1,5 14,5 16:45 168 13 22,2 26,9 16:45 18,8 06:30 0,0 3,8 0,0 1,2 14,5 14:15 127 14 22,1 28,4 15:20 18,5 00:00 0,0 3,8 0,0 2,2 24,1 20:10 80 15 22,2 27,6 15:40 16,9 00:00 0,0 3,8 0,0 3,2 22,5 09:25 88 16 20,8 27,7 13:15 14,7 06:50 0,0 2,5 0,0 2,0 16,1 13:15 192 17 21,3 27,1 14:20 16,7 07:10 0,0 2,9 0,0 1,2 12,9 12:05 192 18 21,2 24,7 16:40 18,3 02:00 0,0 2,9 7,4 1,3 19,3 21:45 51 19 21,5 27,9 13:40 17,2 07:20 0,0 3,2 0,3 2,4 25,7 15:10 68 20 21,1 28,6 15:20 14,7 06:55 0,0 2,8 20,6 1,8 40,2 21:35 116 21 20,3 26,1 16:00 16,2 07:05 0,0 2,0 4,3 1,4 16,1 18:30 108 22 20,2 22,8 15:55 18,6 03:15 0,0 1,8 9,4 1,3 14,5 14:45 25 23 18,9 25,6 15:05 14,8 21:35 0,0 0,5 38,6 3,2 30,6 16:25 74 24 18,2 25,1 15:25 13,3 07:50 0,1 0,0 0,5 1,9 19,3 16:55 190 25 19,3 28,7 17:15 11,7 07:25 0,0 0,9 0,0 1,7 16,1 11:55 199 26 20,7 28,6 15:40 13,3 06:55 0,0 2,3 0,0 3,6 29,0 14:00 80 27 22,3 29,2 14:55 15,1 06:35 0,0 4,0 0,0 4,5 33,8 13:25 69 28 21,4 28,7 15:35 13,8 05:55 0,0 3,0 0,0 3,5 27,4 12:30 74 29 20,7 28,6 15:30 13,3 07:30 0,0 2,4 0,0 2,2 20,9 11:35 92 30 20,3 29,0 16:40 13,6 05:30 0,0 1,9 0,0 1,1 12,9 21:45 159 --------------------------------------------------------------------------------------- 21,6 31,5 11 11,7 25 0,1 96,6 96,3 2,2 40,2 20 97