MONTHLY CLIMATOLOGICAL SUMMARY for ott 2023 NAME: Loc.Campagnola (Sacile) ELEV: 31 meters LAT: 45-56.65 N LONG: 012-28.80 E TEMPERATURE (C), RAIN (mm), WIND SPEED (km/h) HEAT COOL AVG MEAN DEG DEG WIND DOM DAY TEMP HIGH TIME LOW TIME DAYS DAYS RAIN SPEED HIGH TIME DIR --------------------------------------------------------------------------------------- 01 20,0 28,3 16:55 13,0 06:55 0,0 1,6 0,0 1,2 14,5 11:30 106 02 19,6 28,2 16:00 13,1 07:25 0,0 1,2 0,0 1,1 12,9 14:25 219 03 19,8 26,9 16:10 13,5 06:55 0,0 1,5 0,0 1,3 12,9 12:25 141 04 20,0 23,7 14:50 16,1 00:00 0,0 1,7 0,0 2,2 20,9 15:10 65 05 18,3 24,9 16:25 11,6 07:30 0,0 0,0 0,0 1,4 12,9 11:30 118 06 18,4 26,1 14:50 12,1 06:30 0,0 0,1 0,0 3,0 25,7 12:50 90 07 17,6 26,8 14:55 9,4 07:25 0,7 0,0 0,0 0,8 12,9 11:45 148 08 18,6 26,3 16:00 12,1 07:15 0,0 0,2 0,0 1,4 16,1 13:40 90 09 19,6 25,6 16:05 14,6 07:40 0,0 1,2 0,0 1,3 14,5 13:50 96 10 19,2 25,3 14:00 14,6 07:10 0,0 0,9 0,0 0,8 11,3 15:05 108 11 19,0 27,9 16:10 11,9 07:40 0,0 0,6 0,0 1,1 12,9 14:40 110 12 18,3 25,1 14:20 12,5 06:35 0,0 0,0 0,0 0,8 12,9 13:55 100 13 20,3 24,3 14:55 17,3 00:00 0,0 1,9 0,0 1,1 11,3 14:55 113 14 19,2 24,9 16:05 14,7 06:15 0,0 0,9 0,0 1,6 17,7 10:55 86 15 16,2 21,3 10:30 11,2 00:00 2,1 0,0 0,0 4,7 33,8 13:55 70 16 11,1 17,8 15:55 6,7 07:40 7,2 0,0 0,0 1,9 17,7 11:25 84 17 10,0 17,6 15:05 2,9 07:40 8,3 0,0 0,0 1,3 16,1 12:25 81 18 8,9 13,6 15:20 3,3 07:05 9,5 0,0 2,8 0,7 8,0 20:45 2 19 14,0 17,1 14:30 10,5 00:15 4,3 0,0 16,8 0,7 17,7 21:30 353 20 17,5 20,3 16:40 15,3 00:10 0,8 0,0 19,0 1,7 17,7 17:35 44 21 16,8 22,3 17:05 15,3 22:05 1,5 0,0 10,2 1,5 16,1 19:10 68 22 16,1 22,3 15:40 10,9 07:50 2,2 0,0 4,6 1,4 16,1 02:40 205 23 16,1 22,8 15:10 10,5 06:50 2,2 0,0 1,0 1,5 16,1 14:45 234 24 15,8 17,8 15:20 14,5 03:15 2,5 0,0 103,1 2,6 27,4 09:40 271 25 15,1 20,6 15:25 11,8 23:15 3,2 0,0 0,5 2,0 12,9 00:25 199 26 14,2 18,7 12:15 9,4 07:40 4,2 0,0 2,5 0,8 6,4 12:15 179 27 18,2 21,8 14:40 14,1 23:50 0,1 0,0 0,0 2,7 19,3 11:35 222 28 15,9 21,6 15:25 11,6 23:50 2,4 0,0 0,0 1,7 14,5 11:25 100 29 13,1 16,5 13:15 9,3 06:00 5,2 0,0 0,5 0,5 6,4 12:10 352 30 15,2 18,7 00:00 12,0 00:15 3,1 0,0 50,3 2,2 40,2 23:50 43 31 15,0 19,5 10:20 8,5 23:00 3,4 0,0 5,6 3,5 33,8 00:05 203 --------------------------------------------------------------------------------------- 16,7 28,3 01 2,9 17 63,0 11,8 216,9 1,6 40,2 30 99