MONTHLY CLIMATOLOGICAL SUMMARY for nov 2023 NAME: Loc.Campagnola (Sacile) ELEV: 31 meters LAT: 45-56.65 N LONG: 012-28.80 E TEMPERATURE (C), RAIN (mm), WIND SPEED (km/h) HEAT COOL AVG MEAN DEG DEG WIND DOM DAY TEMP HIGH TIME LOW TIME DAYS DAYS RAIN SPEED HIGH TIME DIR --------------------------------------------------------------------------------------- 01 11,8 17,9 12:05 6,0 07:10 6,6 0,0 0,0 0,7 8,0 11:25 263 02 13,0 18,4 20:15 8,8 00:50 5,3 0,0 61,7 3,3 40,2 20:05 167 03 11,5 15,7 10:20 5,9 23:40 6,9 0,0 14,5 3,2 29,0 10:40 238 04 9,6 16,2 13:15 3,1 07:15 8,8 0,0 9,7 1,3 11,3 11:55 201 05 11,5 16,1 14:45 7,8 23:50 6,9 0,0 19,3 2,9 27,4 03:35 41 06 11,6 18,3 15:35 6,2 07:05 6,7 0,0 2,0 1,5 14,5 19:45 103 07 11,2 19,6 14:35 5,9 06:35 7,1 0,0 1,5 1,4 22,5 16:45 248 08 9,3 18,7 14:15 3,4 06:55 9,0 0,0 0,3 0,8 8,0 09:25 231 09 8,9 14,9 14:10 3,2 05:55 9,4 0,0 2,3 0,5 6,4 12:40 126 10 10,4 15,2 12:50 8,6 21:35 7,9 0,0 8,4 2,1 16,1 09:20 231 11 9,4 15,4 13:55 4,8 00:00 9,0 0,0 4,1 2,1 17,7 03:20 231 12 7,0 14,8 15:10 2,6 05:05 11,4 0,0 0,0 0,7 9,7 14:40 337 13 7,0 14,1 13:25 1,7 07:25 11,3 0,0 0,0 1,4 16,1 13:30 80 14 8,2 15,1 15:05 2,9 04:45 10,1 0,0 0,0 1,1 12,9 12:35 226 15 9,7 18,4 15:10 3,7 07:25 8,6 0,0 0,0 1,3 11,3 11:55 222 16 8,0 15,2 14:05 2,8 06:00 10,3 0,0 0,0 0,8 11,3 12:15 69 17 8,8 18,2 15:20 3,0 07:25 9,6 0,0 0,0 1,4 11,3 10:50 244 18 6,6 15,8 15:10 0,2 06:45 11,7 0,0 0,0 0,9 12,9 00:30 239 19 6,2 16,1 14:55 1,1 07:15 12,1 0,0 0,0 0,7 8,0 11:05 213 20 6,2 13,7 11:40 0,9 06:15 12,2 0,0 0,0 0,6 8,0 12:35 235 21 9,1 13,5 13:15 4,9 00:00 9,3 0,0 0,0 1,7 19,3 13:45 65 22 7,8 19,0 15:10 1,2 07:25 10,5 0,0 0,0 1,0 11,3 10:40 256 23 5,7 14,9 14:40 0,7 23:35 12,6 0,0 0,0 1,1 11,3 12:45 200 24 5,5 12,1 13:40 0,4 07:15 12,8 0,0 0,0 1,9 17,7 13:10 74 25 7,0 13,2 14:45 -1,5 23:55 11,3 0,0 0,0 4,6 37,0 13:05 308 26 2,8 13,3 14:20 -3,6 03:25 15,6 0,0 0,0 1,3 12,9 14:55 201 27 3,4 10,8 12:45 -3,1 04:30 15,0 0,0 1,0 0,6 8,0 11:30 194 28 5,6 10,1 13:25 1,5 00:00 12,8 0,0 0,8 2,1 14,5 11:30 243 29 4,3 10,9 14:25 -2,0 06:30 14,0 0,0 0,3 1,6 14,5 12:20 60 30 5,1 6,3 00:05 4,3 06:50 13,2 0,0 19,3 1,1 11,3 05:35 261 --------------------------------------------------------------------------------------- 8,1 19,6 07 -3,6 26 308,1 0,0 145,0 1,5 40,2 02 245