MONTHLY CLIMATOLOGICAL SUMMARY for dic 2023 NAME: Loc.Campagnola (Sacile) ELEV: 31 meters LAT: 45-56.65 N LONG: 012-28.80 E TEMPERATURE (C), RAIN (mm), WIND SPEED (km/h) HEAT COOL AVG MEAN DEG DEG WIND DOM DAY TEMP HIGH TIME LOW TIME DAYS DAYS RAIN SPEED HIGH TIME DIR --------------------------------------------------------------------------------------- 01 7,6 12,1 23:55 5,1 00:05 10,7 0,0 24,4 0,8 8,0 22:50 355 02 11,0 15,6 13:30 6,8 22:25 7,3 0,0 5,1 3,9 37,0 17:10 150 03 4,2 9,7 14:25 -0,3 22:00 14,1 0,0 0,0 2,1 20,9 02:35 74 04 1,0 5,1 12:05 -3,2 07:20 17,3 0,0 0,5 0,7 6,4 06:00 188 05 4,5 8,6 15:00 1,6 00:05 13,8 0,0 0,0 1,0 9,7 16:05 290 06 4,9 9,9 15:35 0,2 00:00 13,5 0,0 0,0 0,7 6,4 00:20 237 07 3,4 11,6 14:00 -1,0 02:50 15,0 0,0 0,3 1,1 11,3 12:25 98 08 2,8 8,4 14:00 -1,7 01:40 15,5 0,0 0,0 0,7 8,0 10:00 300 09 4,7 11,3 13:45 0,8 08:15 13,6 0,0 0,0 1,0 8,0 11:45 204 10 4,2 11,2 15:05 -0,1 22:25 14,1 0,0 2,0 1,4 9,7 16:20 216 11 3,4 12,8 15:15 0,3 00:30 14,9 0,0 0,0 1,1 9,7 00:30 274 12 5,2 12,6 15:10 -0,1 05:05 13,1 0,0 0,3 0,9 8,0 10:00 243 13 7,4 8,4 13:40 6,6 03:55 11,0 0,0 22,1 1,3 12,9 20:45 260 14 5,9 13,2 14:20 1,3 00:00 12,4 0,0 0,5 1,5 9,7 00:05 127 15 4,9 14,1 15:00 -0,5 07:45 13,4 0,0 0,3 1,5 8,0 01:40 253 16 3,1 11,2 15:20 -1,7 07:55 15,3 0,0 0,0 1,2 9,7 00:35 258 17 3,1 12,4 14:25 -1,9 07:30 15,3 0,0 0,0 0,9 6,4 01:00 288 18 3,9 15,1 15:20 -1,6 06:50 14,5 0,0 0,0 0,6 6,4 11:45 7 19 4,2 15,0 14:35 -1,5 06:50 14,1 0,0 0,0 0,7 8,0 12:35 220 20 1,8 9,3 15:35 -1,5 03:35 16,5 0,0 0,0 0,9 8,0 16:05 345 21 3,3 9,2 12:15 -1,4 07:15 15,1 0,0 0,0 1,4 11,3 19:20 34 22 5,8 12,4 13:45 0,6 00:05 12,5 0,0 0,0 2,4 24,1 08:40 220 23 4,2 12,9 13:55 -1,1 05:05 14,1 0,0 0,0 1,6 12,9 14:40 43 24 7,5 15,2 13:00 0,8 08:10 10,9 0,0 0,0 2,9 22,5 13:05 77 25 8,2 12,9 11:40 3,2 04:50 10,1 0,0 0,0 1,4 11,3 11:55 277 26 8,4 9,8 14:50 7,5 23:45 10,0 0,0 0,0 0,5 8,0 03:10 252 27 8,9 12,1 14:20 7,0 07:10 9,4 0,0 0,0 1,2 11,3 14:15 218 28 8,3 10,7 14:35 6,6 22:05 10,0 0,0 0,0 0,9 6,4 00:45 111 29 5,7 11,4 13:35 0,9 07:30 12,6 0,0 0,0 0,9 9,7 13:40 156 30 6,2 13,3 14:35 1,7 07:50 12,1 0,0 0,0 0,9 8,0 11:40 263 31 6,6 8,9 14:30 3,5 04:15 11,8 0,0 10,4 1,2 11,3 21:55 357 --------------------------------------------------------------------------------------- 5,3 15,6 02 -3,2 04 403,9 0,0 65,8 1,3 37,0 02 189