MONTHLY CLIMATOLOGICAL SUMMARY for gen 2024 NAME: Loc.Campagnola (Sacile) ELEV: 31 meters LAT: 45-56.65 N LONG: 012-28.80 E TEMPERATURE (C), RAIN (mm), WIND SPEED (km/h) HEAT COOL AVG MEAN DEG DEG WIND DOM DAY TEMP HIGH TIME LOW TIME DAYS DAYS RAIN SPEED HIGH TIME DIR --------------------------------------------------------------------------------------- 01 6,7 11,4 14:00 1,6 00:00 11,6 0,0 4,6 2,0 14,5 12:10 61 02 3,5 8,4 14:40 -0,6 04:55 14,9 0,0 0,0 0,9 8,0 13:50 179 03 6,9 10,9 13:25 4,7 00:05 11,4 0,0 0,0 1,7 12,9 15:40 159 04 6,2 10,1 13:10 0,9 08:20 12,1 0,0 0,0 2,1 11,3 04:50 91 05 8,8 11,4 13:40 5,8 03:30 9,5 0,0 16,3 3,4 17,7 23:55 47 06 9,8 10,8 21:00 9,2 03:50 8,5 0,0 57,7 5,7 22,5 16:20 49 07 9,2 11,1 00:20 7,6 08:10 9,1 0,0 3,3 2,8 17,7 01:50 244 08 7,4 10,5 13:00 4,2 23:50 11,0 0,0 0,0 2,3 11,3 15:40 209 09 3,6 8,4 14:20 -0,9 07:50 14,7 0,0 0,0 3,3 25,7 14:40 78 10 1,5 6,5 13:25 -3,0 23:55 16,8 0,0 0,0 2,5 19,3 11:55 69 11 0,6 8,9 14:05 -4,2 07:35 17,8 0,0 0,0 1,3 9,7 11:50 239 12 1,3 9,2 14:20 -3,9 08:05 17,1 0,0 0,0 1,5 14,5 13:05 86 13 -0,3 7,2 14:25 -4,8 06:55 18,6 0,0 0,0 1,0 8,0 12:40 91 14 0,6 7,5 14:10 -4,1 01:45 17,8 0,0 0,0 1,1 9,7 12:20 249 15 2,7 10,2 14:05 -1,7 23:50 15,7 0,0 0,0 1,2 9,7 12:10 232 16 1,7 9,3 15:00 -3,1 06:05 16,6 0,0 0,0 1,9 16,1 12:35 43 17 2,7 4,3 20:30 0,4 00:05 15,6 0,0 12,7 1,3 14,5 16:35 288 18 6,1 7,4 15:45 4,2 00:05 12,2 0,0 16,0 2,9 20,9 06:00 172 19 3,9 7,0 09:30 -2,5 00:00 14,4 0,0 3,6 3,8 35,4 11:20 56 20 0,6 7,8 14:00 -4,7 06:55 17,7 0,0 0,0 1,6 11,3 13:30 213 21 0,1 10,1 13:40 -5,6 07:50 18,2 0,0 0,0 1,1 9,7 13:15 237 22 0,2 6,8 14:10 -5,8 07:05 18,1 0,0 0,0 0,9 9,7 14:20 97 23 3,2 12,7 14:00 -2,8 06:20 15,1 0,0 0,0 1,5 19,3 11:05 67 24 3,5 10,2 14:00 -1,6 07:10 14,9 0,0 0,0 1,5 17,7 14:45 72 25 5,7 15,8 15:05 -0,1 03:50 12,6 0,0 0,0 1,8 14,5 15:30 234 26 4,7 13,3 14:45 -1,1 07:50 13,6 0,0 0,3 0,9 11,3 14:10 222 27 4,4 14,4 15:30 -1,7 07:10 13,9 0,0 0,3 1,6 12,9 12:30 110 28 4,1 13,3 14:15 -1,9 05:55 14,2 0,0 0,0 1,4 11,3 14:00 215 29 2,8 12,5 15:30 -3,1 07:45 15,5 0,0 0,0 1,2 11,3 13:05 212 30 3,5 13,4 14:30 -3,1 06:45 14,9 0,0 0,0 1,2 11,3 13:35 192 31 3,1 11,9 15:00 -2,8 07:20 15,2 0,0 0,0 0,7 6,4 11:25 182 --------------------------------------------------------------------------------------- 3,8 15,8 25 -5,8 22 449,4 0,0 114,6 1,9 35,4 19 78