MONTHLY CLIMATOLOGICAL SUMMARY for mar 2024 NAME: Loc.Campagnola (Sacile) ELEV: 31 meters LAT: 45-56.65 N LONG: 012-28.80 E TEMPERATURE (C), RAIN (mm), WIND SPEED (km/h) HEAT COOL AVG MEAN DEG DEG WIND DOM DAY TEMP HIGH TIME LOW TIME DAYS DAYS RAIN SPEED HIGH TIME DIR --------------------------------------------------------------------------------------- 01 11,1 12,4 14:45 10,0 07:05 7,3 0,0 10,2 3,8 24,1 15:25 51 02 10,7 12,2 11:35 9,4 05:00 7,6 0,0 2,8 2,7 16,1 09:20 64 03 10,8 15,1 14:20 7,4 05:00 7,5 0,0 2,8 3,8 19,3 14:05 65 04 12,2 18,7 15:40 8,2 00:00 6,1 0,0 9,4 4,9 24,1 09:25 38 05 11,9 19,1 14:20 4,9 07:25 6,5 0,0 12,4 2,9 20,9 23:10 93 06 10,5 13,3 14:35 8,9 23:55 7,8 0,0 6,1 5,4 22,5 11:50 45 07 9,5 12,2 12:15 7,6 23:55 8,8 0,0 1,8 4,4 25,7 14:45 292 08 7,3 7,9 14:35 6,7 11:30 11,1 0,0 4,8 5,1 22,5 10:50 54 09 9,0 12,6 14:20 6,8 04:50 9,4 0,0 6,3 5,7 27,4 14:10 60 10 9,6 11,8 17:05 6,5 23:45 8,8 0,0 38,1 4,8 27,4 16:35 43 11 10,2 15,0 15:25 6,8 00:20 8,1 0,0 0,0 2,3 16,1 04:55 87 12 10,3 16,2 15:45 6,8 07:15 8,0 0,0 0,0 1,2 9,7 14:25 197 13 11,0 18,3 15:35 4,9 05:15 7,4 0,0 0,0 2,5 16,1 15:40 200 14 10,6 17,4 14:10 3,9 06:35 7,8 0,0 0,0 1,8 16,1 14:00 199 15 11,4 14,7 15:55 7,6 00:30 7,0 0,0 0,0 1,8 12,9 13:00 98 16 12,7 19,1 15:40 8,2 00:00 5,6 0,0 0,0 1,9 14,5 13:40 105 17 11,8 18,4 14:10 5,6 06:55 6,5 0,0 0,0 2,3 14,5 13:10 205 18 12,2 14,8 13:25 10,2 23:35 6,1 0,0 3,2 1,5 9,7 08:30 84 19 12,6 18,3 15:00 8,2 07:05 5,7 0,0 0,2 3,1 16,1 13:50 190 20 13,0 18,4 13:45 8,4 23:55 5,3 0,0 0,0 2,9 20,9 13:35 233 21 11,8 16,7 13:30 6,8 05:05 6,5 0,0 0,0 3,2 17,7 10:40 75 22 13,5 21,9 14:30 4,9 06:10 4,8 0,0 0,0 3,6 20,9 14:05 207 23 13,1 18,2 13:20 8,0 05:15 5,2 0,0 0,0 3,6 25,7 17:55 63 24 10,1 15,8 13:30 3,8 23:43 8,3 0,0 4,2 4,0 27,4 12:00 75 25 9,0 17,0 15:27 0,7 05:36 9,3 0,0 0,0 3,2 19,3 15:04 193 26 9,5 13,2 10:02 5,5 06:07 8,8 0,0 10,2 4,0 19,3 09:57 59 27 10,4 12,4 16:03 7,3 22:54 8,0 0,0 38,6 5,9 30,6 18:45 41 28 8,1 10,0 09:35 5,3 06:38 10,2 0,0 11,6 3,5 16,1 11:41 279 29 11,7 16,4 15:32 7,2 01:56 6,6 0,0 0,8 3,1 17,7 20:13 48 30 15,4 17,8 13:46 13,6 04:17 3,0 0,0 0,2 4,2 20,9 09:20 66 31 14,4 16,1 17:40 13,2 11:48 3,9 0,0 11,4 3,3 16,1 07:02 63 --------------------------------------------------------------------------------------- 11,1 21,9 22 0,7 25 223,0 0,0 175,1 3,4 30,6 27 66