MONTHLY CLIMATOLOGICAL SUMMARY for apr 2024 NAME: Loc.Campagnola (Sacile) ELEV: 31 meters LAT: 45-56.65 N LONG: 012-28.80 E TEMPERATURE (C), RAIN (mm), WIND SPEED (km/h) HEAT COOL AVG MEAN DEG DEG WIND DOM DAY TEMP HIGH TIME LOW TIME DAYS DAYS RAIN SPEED HIGH TIME DIR --------------------------------------------------------------------------------------- 01 13,6 14,6 10:52 9,5 23:50 4,7 0,0 39,2 3,2 41,8 23:04 55 02 11,7 18,6 15:27 6,3 04:57 6,7 0,0 2,0 2,9 24,1 18:45 74 03 11,7 17,7 15:45 6,6 05:09 6,6 0,0 0,6 2,1 14,5 11:01 350 04 13,8 18,8 17:08 7,2 06:42 4,5 0,0 0,0 2,4 17,7 09:51 90 05 15,3 20,6 16:05 10,1 07:21 3,0 0,0 0,0 1,7 14,5 13:03 118 06 16,0 21,6 14:13 11,4 05:40 2,3 0,0 0,0 2,2 19,3 11:10 97 07 17,2 24,4 17:06 11,8 07:22 1,1 0,0 0,0 1,7 12,9 15:26 127 08 17,2 24,2 15:19 11,1 06:50 1,1 0,0 0,0 1,9 16,1 16:00 120 09 16,8 22,8 15:03 11,1 06:20 1,5 0,0 0,0 4,2 22,5 14:05 90 10 16,9 21,3 11:30 13,7 23:03 1,5 0,0 0,2 3,6 24,1 13:04 50 11 17,4 25,7 16:52 9,5 05:40 0,9 0,0 0,0 2,0 16,1 15:17 252 12 19,3 27,7 16:44 10,7 07:04 0,0 0,9 0,0 2,3 14,5 11:26 197 13 20,4 29,5 15:31 11,5 06:48 0,0 2,1 0,0 2,3 20,9 18:07 210 14 20,4 29,1 16:36 13,1 07:07 0,0 2,1 0,0 2,0 22,5 16:54 180 15 19,1 24,3 15:26 14,0 06:57 0,0 0,8 0,0 2,1 19,3 11:23 78 16 13,6 21,1 14:21 6,5 22:34 4,7 0,0 9,6 6,1 49,9 15:12 66 17 9,6 15,2 12:48 3,9 06:40 8,8 0,0 0,0 3,0 20,9 18:15 101 18 10,5 14,7 10:38 5,3 23:57 7,8 0,0 0,6 2,8 35,4 00:19 83 19 9,1 16,4 16:22 1,6 06:18 9,2 0,0 0,0 3,2 30,6 18:33 218 20 10,7 16,6 12:27 4,5 05:48 7,7 0,0 0,0 3,1 30,6 14:06 97 21 9,3 15,9 14:54 1,2 06:19 9,1 0,0 0,0 3,3 29,0 15:32 264 22 9,2 13,0 11:44 5,6 19:58 9,1 0,0 11,8 8,9 35,4 12:19 73 23 9,4 14,1 14:57 5,8 01:25 8,9 0,0 18,0 9,6 45,1 15:45 72 24 9,5 13,4 14:13 7,2 23:08 8,8 0,0 13,8 3,2 20,9 14:14 77 25 9,8 14,4 16:53 6,4 02:41 8,6 0,0 2,6 2,5 19,3 12:47 72 26 11,0 17,1 17:36 5,3 02:46 7,4 0,0 0,0 1,8 16,1 10:33 166 27 12,9 17,9 13:10 8,3 03:42 5,5 0,0 0,0 2,5 17,7 10:50 92 28 15,6 22,7 15:22 10,1 05:50 2,7 0,0 0,0 1,8 14,5 11:22 117 29 17,7 27,3 16:44 7,6 05:25 0,6 0,0 0,0 1,7 16,1 14:06 108 30 20,6 28,3 16:50 10,9 05:58 0,0 2,2 0,0 3,4 22,5 10:26 92 --------------------------------------------------------------------------------------- 14,2 29,5 13 1,2 21 132,8 8,1 98,4 3,1 49,9 16 86